{"id":595,"date":"2024-03-20T18:41:29","date_gmt":"2024-03-20T18:41:29","guid":{"rendered":"https:\/\/projects.ift.uam-csic.es\/outreach_new\/?page_id=595"},"modified":"2025-12-01T19:37:30","modified_gmt":"2025-12-01T19:37:30","slug":"yofisica","status":"publish","type":"page","link":"https:\/\/projects.ift.uam-csic.es\/outreach_new\/yofisica\/","title":{"rendered":"#YoF\u00edsica"},"content":{"rendered":"\n<div class=\"wp-block-cover alignfull\" style=\"min-height:300px;aspect-ratio:unset;\"><span aria-hidden=\"true\" class=\"wp-block-cover__background has-nv-site-bg-background-color has-background-dim-100 has-background-dim\"><\/span><div class=\"wp-block-cover__inner-container is-layout-flow wp-block-cover-is-layout-flow\">\n<div class=\"wp-block-group\"><div class=\"wp-block-group__inner-container is-layout-flow wp-block-group-is-layout-flow\">\n<h1 class=\"wp-block-heading has-text-align-left has-neve-text-color-color has-text-color\">#YoF\u00edsica<\/h1>\n<\/div><\/div>\n<\/div><\/div>\n\n\n\n<section id=\"services\" class=\"wp-block-themeisle-blocks-advanced-columns alignfull has-1-columns has-desktop-equal-layout has-tablet-equal-layout has-mobile-equal-layout has-vertical-flex-start has-light-bg\"><div class=\"wp-block-themeisle-blocks-advanced-columns-overlay\"><\/div><div class=\"innerblocks-wrap\">\n<div id=\"wp-block-themeisle-blocks-advanced-column-9642dc3f\" class=\"wp-block-themeisle-blocks-advanced-column\">\n<section id=\"wp-block-themeisle-blocks-advanced-columns-62d68e08\" class=\"wp-block-themeisle-blocks-advanced-columns has-1-columns has-desktop-equal-layout has-tablet-equal-layout has-mobile-equal-layout has-vertical-flex-start\"><div class=\"wp-block-themeisle-blocks-advanced-columns-overlay\"><\/div><div class=\"innerblocks-wrap\">\n<div id=\"wp-block-themeisle-blocks-advanced-column-ba020b38\" class=\"wp-block-themeisle-blocks-advanced-column\">\n<p id=\"wp-block-themeisle-blocks-advanced-heading-c4f1d6a7\" class=\"wp-block-themeisle-blocks-advanced-heading wp-block-themeisle-blocks-advanced-heading-c4f1d6a7\"><strong>participa del 1 de diciembre de 2025 al 31 de enero de 2026<\/strong><\/p>\n\n\n\n<h2 class=\"wp-block-heading has-text-align-center has-white-color has-text-color\">#YoF\u00edsicaCu\u00e1ntica<\/h2>\n\n\n\n<p class=\"has-text-align-center has-nv-dark-bg-color has-text-color\">Se acerca un nuevo 11 de febrero, D\u00eda Internacional de las Mujer y la Ni\u00f1a en la Ciencia, y un a\u00f1o m\u00e1s os retamos a participar en #YoF\u00edsica, el certamen del IFT que protagoniz\u00e1is y en el que nos habl\u00e1is sobre ciencia y cient\u00edficas. \u00a0El 2025, que estamos despidiendo, ha sido considerado el\u00a0<strong>A\u00f1o Internacional de la Ciencia y las Tecnolog\u00edas Cu\u00e1nticas<\/strong>, y qu\u00e9 mejor manera de celebrarlo que participando en una nueva edici\u00f3n del certamen del IFT con el reto <code><a href=\"https:\/\/members.ift.uam-csic.es\/ed\/yofisicacuantica\/\">#YoF\u00edsicaCu\u00e1ntica<\/a><\/code> .<\/p>\n\n\n\n<p class=\"has-text-align-center\">En la web del reto <code><a href=\"https:\/\/members.ift.uam-csic.es\/ed\/wp-content\/uploads\/2025\/11\/YoFisicaCuantica_Reto.pdf\">os presentamos a algunas cient\u00edficas<\/a><\/code> relacionadas con el campo de la f\u00edsica cu\u00e1ntica. Pod\u00e9is elegir a una de ellas o seleccionar a cualquier otra relacionada con este campo que os llame la atenci\u00f3n. Grabad un <strong>v\u00eddeo de m\u00e1ximo 60 segundos<\/strong>\u00a0donde cont\u00e9is su trayectoria cient\u00edfica y enviad el resultado a <code><a href=\"mailto:yofisica.ift@gmail.com\">yofisica.ift@gmail.com<\/a><\/code>.<\/p>\n\n\n\n<p class=\"has-text-align-center has-neve-text-color-color has-text-color\">Debemos respetar algunas normas para utilizar las im\u00e1genes que salgan en los v\u00eddeos. Las personas menores de 14 a\u00f1os necesitar\u00e9is el consentimiento firmado de vuestros padres o madres. Las mayores de 14 pod\u00e9is firmar vosotras mismas vuestro permiso. Necesitamos que nos envi\u00e9is <code><a href=\"https:\/\/members.ift.uam-csic.es\/ed\/yofisicacuantica\/\">esa documentaci\u00f3n<\/a><\/code> antes de publicar los v\u00eddeos en nuestra web y nuestro canal de YouTube.<\/p>\n\n\n\n<p class=\"has-text-align-center has-neve-text-color-color has-text-color\">Como cada a\u00f1o, haremos un v\u00eddeo recopilatorio de todas las contribuciones que colgaremos en el canal de YouTube del IFT el 11 de febrero de 2026. Todos vuestros podcasts aparecer\u00e1n tambi\u00e9n en el canal <a href=\"https:\/\/studio.youtube.com\/channel\/UCUjXT4ptc0Ik0rywCzB7twQ\" target=\"_blank\" rel=\"noreferrer noopener\"><code>@ift11febrero4<\/code><\/a> y en la galer\u00eda de nuestra p\u00e1gina web. Si ten\u00e9is inter\u00e9s en la iniciativa y necesit\u00e1is m\u00e1s informaci\u00f3n, pod\u00e9is contactarnos en el correo yofisica.ift@gmail.com.<\/p>\n\n\n\n<p class=\"has-text-align-center has-neve-text-color-color has-text-color\"><strong>Ten\u00e9is de plazo hasta el 31 de enero. \u00a1Os esperamos!<\/strong><\/p>\n\n\n\n<figure class=\"wp-block-image size-large\"><img loading=\"lazy\" decoding=\"async\" width=\"1024\" height=\"576\" src=\"https:\/\/projects.ift.uam-csic.es\/outreach_new\/wp-content\/uploads\/2025\/12\/YoFisicaCuantica_poster.001-1024x576.jpeg\" alt=\"\" class=\"wp-image-2090\" srcset=\"https:\/\/projects.ift.uam-csic.es\/outreach_new\/wp-content\/uploads\/2025\/12\/YoFisicaCuantica_poster.001-1024x576.jpeg 1024w, https:\/\/projects.ift.uam-csic.es\/outreach_new\/wp-content\/uploads\/2025\/12\/YoFisicaCuantica_poster.001-300x169.jpeg 300w, https:\/\/projects.ift.uam-csic.es\/outreach_new\/wp-content\/uploads\/2025\/12\/YoFisicaCuantica_poster.001-768x432.jpeg 768w, https:\/\/projects.ift.uam-csic.es\/outreach_new\/wp-content\/uploads\/2025\/12\/YoFisicaCuantica_poster.001-1536x864.jpeg 1536w, https:\/\/projects.ift.uam-csic.es\/outreach_new\/wp-content\/uploads\/2025\/12\/YoFisicaCuantica_poster.001.jpeg 1920w\" sizes=\"auto, (max-width: 1024px) 100vw, 1024px\" \/><\/figure>\n\n\n\n<div style=\"height:20px\" aria-hidden=\"true\" class=\"wp-block-spacer\"><\/div>\n<\/div>\n<\/div><\/section>\n\n\n\n<section id=\"wp-block-themeisle-blocks-advanced-columns-c568fbc0\" class=\"wp-block-themeisle-blocks-advanced-columns has-1-columns has-desktop-equal-layout has-tablet-equal-layout has-mobile-collapsedRows-layout has-vertical-flex-start\"><div class=\"wp-block-themeisle-blocks-advanced-columns-overlay\"><\/div><div class=\"innerblocks-wrap\">\n<div id=\"wp-block-themeisle-blocks-advanced-column-645429cb\" class=\"wp-block-themeisle-blocks-advanced-column\">\n<div class=\"wp-block-buttons is-content-justification-center is-layout-flex wp-container-core-buttons-is-layout-16018d1d wp-block-buttons-is-layout-flex\">\n<div class=\"wp-block-button is-style-default\"><a class=\"wp-block-button__link wp-element-button\" href=\"https:\/\/members.ift.uam-csic.es\/ed\/yofisicacuantica\/\">VER RETO<\/a><\/div>\n\n\n\n<div class=\"wp-block-button is-style-default\"><a class=\"wp-block-button__link wp-element-button\" href=\"https:\/\/members.ift.uam-csic.es\/ed\/galeria-de-videos-yofisicacuantica\/\">GALER\u00cdA<\/a><\/div>\n<\/div>\n<\/div>\n<\/div><\/section>\n<\/div>\n<\/div><\/section>\n\n\n\n<div class=\"wp-block-cover alignfull\" style=\"min-height:600px;aspect-ratio:unset;\"><span aria-hidden=\"true\" class=\"wp-block-cover__background has-nv-light-bg-background-color has-background-dim-100 has-background-dim\"><\/span><div class=\"wp-block-cover__inner-container is-layout-flow wp-block-cover-is-layout-flow\">\n<div class=\"wp-block-group\"><div class=\"wp-block-group__inner-container is-layout-flow wp-block-group-is-layout-flow\">\n<div style=\"height:100px\" aria-hidden=\"true\" class=\"wp-block-spacer\"><\/div>\n\n\n\n<h1 class=\"wp-block-heading has-neve-text-color-color has-text-color\">Otras ediciones<\/h1>\n\n\n\n<div style=\"height:150px\" aria-hidden=\"true\" class=\"wp-block-spacer\"><\/div>\n\n\n\n<div class=\"wp-block-columns are-vertically-aligned-center is-layout-flex wp-container-core-columns-is-layout-9d6595d7 wp-block-columns-is-layout-flex\">\n<div class=\"wp-block-column is-vertically-aligned-center is-layout-flow wp-block-column-is-layout-flow\" style=\"flex-basis:50%\">\n<div style=\"height:24px\" aria-hidden=\"true\" class=\"wp-block-spacer\"><\/div>\n<\/div>\n\n\n\n<div class=\"wp-block-column is-vertically-aligned-center is-layout-flow wp-block-column-is-layout-flow\" style=\"flex-basis:50%\">\n<figure class=\"wp-block-embed is-type-video is-provider-youtube wp-block-embed-youtube wp-embed-aspect-16-9 wp-has-aspect-ratio\"><div class=\"wp-block-embed__wrapper\">\n<div class=\"nv-iframe-embed\"><iframe loading=\"lazy\" title=\"Reto #YoF\u00edsicaEnP\u00f3dcast\" width=\"1200\" height=\"675\" src=\"https:\/\/www.youtube.com\/embed\/DtLKZR7oa7w?feature=oembed\" frameborder=\"0\" allow=\"accelerometer; autoplay; clipboard-write; encrypted-media; gyroscope; picture-in-picture; web-share\" referrerpolicy=\"strict-origin-when-cross-origin\" allowfullscreen><\/iframe><\/div>\n<\/div><\/figure>\n\n\n\n<div style=\"height:24px\" aria-hidden=\"true\" class=\"wp-block-spacer\"><\/div>\n\n\n\n<h3 class=\"wp-block-heading has-text-align-center has-neve-text-color-color has-text-color\">#YoF\u00edsicaEnP\u00f3dcast<\/h3>\n\n\n\n<p class=\"has-text-align-center has-neve-text-color-color has-text-color\">En 2025 os propusimos seleccionar a vuestra f\u00edsica favorita y grabar un v\u00eddeo p\u00f3dcast sobre su vida y legado cient\u00edfico.<\/p>\n\n\n\n<div style=\"height:30px\" aria-hidden=\"true\" class=\"wp-block-spacer\"><\/div>\n\n\n\n<div class=\"wp-block-buttons is-content-justification-center is-layout-flex wp-container-core-buttons-is-layout-16018d1d wp-block-buttons-is-layout-flex\">\n<div class=\"wp-block-button is-style-primary\"><a class=\"wp-block-button__link wp-element-button\" href=\"https:\/\/members.ift.uam-csic.es\/ed\/yofisicaenpodcast\/\">VER RETO<\/a><\/div>\n\n\n\n<div class=\"wp-block-button is-style-primary\"><a class=\"wp-block-button__link wp-element-button\" href=\"https:\/\/members.ift.uam-csic.es\/ed\/galeria-de-videos-2\/\">GALER\u00cdA<\/a><\/div>\n<\/div>\n\n\n\n<div style=\"height:40px\" aria-hidden=\"true\" class=\"wp-block-spacer\"><\/div>\n<\/div>\n<\/div>\n\n\n\n<div style=\"height:100px\" aria-hidden=\"true\" class=\"wp-block-spacer\"><\/div>\n<\/div><\/div>\n<\/div><\/div>\n\n\n\n<div class=\"wp-block-cover alignfull\" style=\"min-height:600px;aspect-ratio:unset;\"><span aria-hidden=\"true\" class=\"wp-block-cover__background has-nv-site-bg-background-color has-background-dim-100 has-background-dim\"><\/span><div class=\"wp-block-cover__inner-container is-layout-flow wp-block-cover-is-layout-flow\">\n<div class=\"wp-block-group\"><div class=\"wp-block-group__inner-container is-layout-flow wp-block-group-is-layout-flow\">\n<div style=\"height:150px\" aria-hidden=\"true\" class=\"wp-block-spacer\"><\/div>\n\n\n\n<div class=\"wp-block-columns are-vertically-aligned-center is-layout-flex wp-container-core-columns-is-layout-9d6595d7 wp-block-columns-is-layout-flex\">\n<div class=\"wp-block-column is-vertically-aligned-center is-layout-flow wp-block-column-is-layout-flow\" style=\"flex-basis:50%\">\n<figure class=\"wp-block-embed is-type-video is-provider-youtube wp-block-embed-youtube wp-embed-aspect-16-9 wp-has-aspect-ratio\"><div class=\"wp-block-embed__wrapper\">\n<div class=\"nv-iframe-embed\"><iframe loading=\"lazy\" title=\"Reto YoFisicaEnLaCalle\" width=\"1200\" height=\"675\" src=\"https:\/\/www.youtube.com\/embed\/pnlnLBDspwc?feature=oembed\" frameborder=\"0\" allow=\"accelerometer; autoplay; clipboard-write; encrypted-media; gyroscope; picture-in-picture; web-share\" referrerpolicy=\"strict-origin-when-cross-origin\" allowfullscreen><\/iframe><\/div>\n<\/div><\/figure>\n\n\n\n<div style=\"height:24px\" aria-hidden=\"true\" class=\"wp-block-spacer\"><\/div>\n\n\n\n<h3 class=\"wp-block-heading has-text-align-center has-neve-text-color-color has-text-color\">#YoF\u00edsicaEnLaCalle<\/h3>\n\n\n\n<p class=\"has-text-align-center has-neve-text-color-color has-text-color\">En 2024 os propusimos salir al patio de vuestro cole o instituto o a la calle de vuestro barrio y preguntar&nbsp;a la gente sobre f\u00edsica.<\/p>\n\n\n\n<div style=\"height:30px\" aria-hidden=\"true\" class=\"wp-block-spacer\"><\/div>\n\n\n\n<div class=\"wp-block-buttons is-content-justification-center is-layout-flex wp-container-core-buttons-is-layout-16018d1d wp-block-buttons-is-layout-flex\">\n<div class=\"wp-block-button is-style-primary\"><a class=\"wp-block-button__link wp-element-button\" href=\"https:\/\/members.ift.uam-csic.es\/ed\/yofisicaenlacalle\/\">VER RETO<\/a><\/div>\n\n\n\n<div class=\"wp-block-button is-style-primary\"><a class=\"wp-block-button__link wp-element-button\" href=\"https:\/\/members.ift.uam-csic.es\/ed\/yofisicaenlacalle-galeria-de-videos\/\">GALER\u00cdA<\/a><\/div>\n<\/div>\n\n\n\n<div style=\"height:40px\" aria-hidden=\"true\" class=\"wp-block-spacer\"><\/div>\n<\/div>\n\n\n\n<div class=\"wp-block-column is-vertically-aligned-center is-layout-flow wp-block-column-is-layout-flow\" style=\"flex-basis:50%\">\n<figure class=\"wp-block-embed is-type-video is-provider-youtube wp-block-embed-youtube wp-embed-aspect-16-9 wp-has-aspect-ratio\"><div class=\"wp-block-embed__wrapper\">\n<div class=\"nv-iframe-embed\"><iframe loading=\"lazy\" title=\"Reto YoFisicaEnTikTok\" width=\"1200\" height=\"675\" src=\"https:\/\/www.youtube.com\/embed\/8rhPExFFgnw?start=1&#038;feature=oembed\" frameborder=\"0\" allow=\"accelerometer; autoplay; clipboard-write; encrypted-media; gyroscope; picture-in-picture; web-share\" referrerpolicy=\"strict-origin-when-cross-origin\" allowfullscreen><\/iframe><\/div>\n<\/div><\/figure>\n\n\n\n<div style=\"height:24px\" aria-hidden=\"true\" class=\"wp-block-spacer\"><\/div>\n\n\n\n<h3 class=\"wp-block-heading has-text-align-center has-neve-text-color-color has-text-color\">#YoF\u00edsicaEnTikTok<\/h3>\n\n\n\n<p class=\"has-text-align-center has-neve-text-color-color has-text-color\">En la edici\u00f3n de 2023 escogisteis a vuestra f\u00edsica favorita y llevasteis a cabo un experimento, grab\u00e1ndolo en v\u00eddeo en formato TikTok.&nbsp;<\/p>\n\n\n\n<div style=\"height:30px\" aria-hidden=\"true\" class=\"wp-block-spacer\"><\/div>\n\n\n\n<div class=\"wp-block-buttons is-content-justification-center is-layout-flex wp-container-core-buttons-is-layout-16018d1d wp-block-buttons-is-layout-flex\">\n<div class=\"wp-block-button is-style-primary\"><a class=\"wp-block-button__link wp-element-button\" href=\"https:\/\/members.ift.uam-csic.es\/ed\/yofisicaentiktok\/\">VER RETO<\/a><\/div>\n\n\n\n<div class=\"wp-block-button is-style-primary\"><a class=\"wp-block-button__link wp-element-button\" href=\"https:\/\/members.ift.uam-csic.es\/ed\/galeria-de-videos-yofisicaentiktok\/\">GALER\u00cdA<\/a><\/div>\n<\/div>\n\n\n\n<div style=\"height:40px\" aria-hidden=\"true\" class=\"wp-block-spacer\"><\/div>\n<\/div>\n<\/div>\n\n\n\n<div style=\"height:100px\" aria-hidden=\"true\" class=\"wp-block-spacer\"><\/div>\n<\/div><\/div>\n<\/div><\/div>\n\n\n\n<div class=\"wp-block-cover alignfull\" style=\"min-height:600px;aspect-ratio:unset;\"><span aria-hidden=\"true\" class=\"wp-block-cover__background has-nv-light-bg-background-color has-background-dim-100 has-background-dim\"><\/span><div class=\"wp-block-cover__inner-container is-layout-flow wp-block-cover-is-layout-flow\">\n<div class=\"wp-block-group\"><div class=\"wp-block-group__inner-container is-layout-flow wp-block-group-is-layout-flow\">\n<div style=\"height:150px\" aria-hidden=\"true\" class=\"wp-block-spacer\"><\/div>\n\n\n\n<div class=\"wp-block-columns are-vertically-aligned-center is-layout-flex wp-container-core-columns-is-layout-9d6595d7 wp-block-columns-is-layout-flex\">\n<div class=\"wp-block-column is-vertically-aligned-center is-layout-flow wp-block-column-is-layout-flow\" style=\"flex-basis:50%\">\n<figure class=\"wp-block-embed is-type-video is-provider-youtube wp-block-embed-youtube wp-embed-aspect-16-9 wp-has-aspect-ratio\"><div class=\"wp-block-embed__wrapper\">\n<div class=\"nv-iframe-embed\"><iframe loading=\"lazy\" title=\"Las Mujeres en la Ciencia: \u00bfLo entiendes o te lo explicamos con 365 dibujos?\" width=\"1200\" height=\"675\" src=\"https:\/\/www.youtube.com\/embed\/wz288HlvzXU?feature=oembed\" frameborder=\"0\" allow=\"accelerometer; autoplay; clipboard-write; encrypted-media; gyroscope; picture-in-picture; web-share\" referrerpolicy=\"strict-origin-when-cross-origin\" allowfullscreen><\/iframe><\/div>\n<\/div><\/figure>\n\n\n\n<div style=\"height:24px\" aria-hidden=\"true\" class=\"wp-block-spacer\"><\/div>\n\n\n\n<h3 class=\"wp-block-heading has-text-align-center has-neve-text-color-color has-text-color\">#YoF\u00edsicaEnC\u00f3mic<\/h3>\n\n\n\n<p class=\"has-text-align-center has-neve-text-color-color has-text-color\">En 2022 os retamos a  hacer un c\u00f3mic, un mural o un dibujo sobre alguna f\u00edsica o cient\u00edfica.<\/p>\n\n\n\n<div style=\"height:30px\" aria-hidden=\"true\" class=\"wp-block-spacer\"><\/div>\n\n\n\n<div class=\"wp-block-buttons is-content-justification-center is-layout-flex wp-container-core-buttons-is-layout-16018d1d wp-block-buttons-is-layout-flex\">\n<div class=\"wp-block-button is-style-primary\"><a class=\"wp-block-button__link wp-element-button\" href=\"https:\/\/members.ift.uam-csic.es\/ed\/yofisicaencomic\/\">VER RETO<\/a><\/div>\n\n\n\n<div class=\"wp-block-button is-style-primary\"><a class=\"wp-block-button__link wp-element-button\" href=\"https:\/\/members.ift.uam-csic.es\/ed\/galeria-de-comics-yofisicaencomic\/\">GALER\u00cdA<\/a><\/div>\n<\/div>\n\n\n\n<div style=\"height:40px\" aria-hidden=\"true\" class=\"wp-block-spacer\"><\/div>\n<\/div>\n\n\n\n<div class=\"wp-block-column is-vertically-aligned-center is-layout-flow wp-block-column-is-layout-flow\" style=\"flex-basis:50%\">\n<figure class=\"wp-block-embed is-type-video is-provider-youtube wp-block-embed-youtube wp-embed-aspect-16-9 wp-has-aspect-ratio\"><div class=\"wp-block-embed__wrapper\">\n<div class=\"nv-iframe-embed\"><iframe loading=\"lazy\" title=\"YoutubersPorUnDia\" width=\"1200\" height=\"675\" src=\"https:\/\/www.youtube.com\/embed\/yWdWvudRqJ4?feature=oembed\" frameborder=\"0\" allow=\"accelerometer; autoplay; clipboard-write; encrypted-media; gyroscope; picture-in-picture; web-share\" referrerpolicy=\"strict-origin-when-cross-origin\" allowfullscreen><\/iframe><\/div>\n<\/div><\/figure>\n\n\n\n<div style=\"height:24px\" aria-hidden=\"true\" class=\"wp-block-spacer\"><\/div>\n\n\n\n<h3 class=\"wp-block-heading has-text-align-center has-neve-text-color-color has-text-color\">#YouTubersPorUnD\u00eda<\/h3>\n\n\n\n<p class=\"has-text-align-center has-neve-text-color-color has-text-color\">En el reto de 2021 os pedimos convertiros en YouTubers por un d\u00eda y hacer un v\u00eddeo sobre  vuestra cient\u00edfica favorita.<\/p>\n\n\n\n<div style=\"height:30px\" aria-hidden=\"true\" class=\"wp-block-spacer\"><\/div>\n\n\n\n<div class=\"wp-block-buttons is-content-justification-center is-layout-flex wp-container-core-buttons-is-layout-16018d1d wp-block-buttons-is-layout-flex\">\n<div class=\"wp-block-button is-style-primary\"><a class=\"wp-block-button__link wp-element-button\" href=\"https:\/\/members.ift.uam-csic.es\/ed\/youtubersporundia\/\">VER RETO<\/a><\/div>\n\n\n\n<div class=\"wp-block-button is-style-primary\"><a class=\"wp-block-button__link wp-element-button\" href=\"https:\/\/members.ift.uam-csic.es\/ed\/galeria-de-videos\/\">GALER\u00cdA<\/a><\/div>\n<\/div>\n\n\n\n<div style=\"height:40px\" aria-hidden=\"true\" class=\"wp-block-spacer\"><\/div>\n<\/div>\n<\/div>\n\n\n\n<div style=\"height:100px\" aria-hidden=\"true\" class=\"wp-block-spacer\"><\/div>\n<\/div><\/div>\n<\/div><\/div>\n\n\n\n<section id=\"wp-block-themeisle-blocks-advanced-columns-2ee423ba\" class=\"wp-block-themeisle-blocks-advanced-columns alignfull has-1-columns has-desktop-equal-layout has-tablet-equal-layout has-mobile-equal-layout has-vertical-flex-start has-light-bg\"><div class=\"wp-block-themeisle-blocks-advanced-columns-overlay\"><\/div><div class=\"innerblocks-wrap\">\n<div id=\"wp-block-themeisle-blocks-advanced-column-cae44083\" class=\"wp-block-themeisle-blocks-advanced-column\">\n<section id=\"wp-block-themeisle-blocks-advanced-columns-4dafa3bc\" class=\"wp-block-themeisle-blocks-advanced-columns has-1-columns has-desktop-equal-layout has-tablet-equal-layout has-mobile-equal-layout has-vertical-flex-start\"><div class=\"wp-block-themeisle-blocks-advanced-columns-overlay\"><\/div><div class=\"innerblocks-wrap\">\n<div id=\"wp-block-themeisle-blocks-advanced-column-e39d06ea\" class=\"wp-block-themeisle-blocks-advanced-column\">\n<p id=\"wp-block-themeisle-blocks-advanced-heading-8feb78f5\" class=\"wp-block-themeisle-blocks-advanced-heading wp-block-themeisle-blocks-advanced-heading-8feb78f5\"><strong>primera edici\u00f3n, 11F 2020<\/strong><\/p>\n\n\n\n<h2 class=\"wp-block-heading has-text-align-center has-white-color has-text-color\">#YoF\u00edsica, \u00bfy por qu\u00e9 no?<\/h2>\n\n\n\n<p class=\"has-text-align-center has-neve-text-color-color has-text-color\">Con este lema lanzamos en 2020 la primera edici\u00f3n del reto con el objetivo de visibilizar a cu\u00e1ntas nos gusta la f\u00edsica. Os ped\u00edamos v\u00eddeos cortos, solas o en grupo, diciendo por qu\u00e9 os gusta la f\u00edsica o simplemente con el hashtag #YoFisica. La iniciativa, recogida en este v\u00eddeo resumen, fue todo un \u00e9xito con la participaci\u00f3n de casi 300 mujeres de todas las edades.<\/p>\n\n\n\n<div style=\"height:20px\" aria-hidden=\"true\" class=\"wp-block-spacer\"><\/div>\n<\/div>\n<\/div><\/section>\n\n\n\n<figure class=\"wp-block-embed is-type-video is-provider-youtube wp-block-embed-youtube wp-embed-aspect-16-9 wp-has-aspect-ratio\"><div class=\"wp-block-embed__wrapper\">\n<div class=\"nv-iframe-embed\"><iframe loading=\"lazy\" title=\"\u00bfPor Qu\u00e9 F\u00edsica?  291 Mujeres te lo Cuentan\" width=\"1200\" height=\"675\" src=\"https:\/\/www.youtube.com\/embed\/dGso5pberjI?feature=oembed\" frameborder=\"0\" allow=\"accelerometer; autoplay; clipboard-write; encrypted-media; gyroscope; picture-in-picture; web-share\" referrerpolicy=\"strict-origin-when-cross-origin\" allowfullscreen><\/iframe><\/div>\n<\/div><\/figure>\n\n\n\n<div style=\"height:20px\" aria-hidden=\"true\" class=\"wp-block-spacer\"><\/div>\n\n\n\n<section id=\"wp-block-themeisle-blocks-advanced-columns-1869ac0b\" class=\"wp-block-themeisle-blocks-advanced-columns has-1-columns has-desktop-equal-layout has-tablet-equal-layout has-mobile-collapsedRows-layout has-vertical-flex-start\"><div class=\"wp-block-themeisle-blocks-advanced-columns-overlay\"><\/div><div class=\"innerblocks-wrap\">\n<div id=\"wp-block-themeisle-blocks-advanced-column-3818e92d\" class=\"wp-block-themeisle-blocks-advanced-column\">\n<h3 id=\"wp-block-themeisle-blocks-advanced-heading-cd4819d8\" class=\"wp-block-themeisle-blocks-advanced-heading wp-block-themeisle-blocks-advanced-heading-cd4819d8\">\u00bfPor Qu\u00e9 F\u00edsica? 291 Mujeres te lo Cuentan<\/h3>\n\n\n\n<p class=\"has-text-align-center has-neve-text-color-color has-text-color\">Si amas la F\u00edsica, necesitas ver este v\u00eddeo. Si no\u2026 tambi\u00e9n! \u00a1Por fin el resumen de los v\u00eddeos del reto<mark style=\"background-color:rgba(0, 0, 0, 0)\" class=\"has-inline-color has-neve-text-color-color\">&nbsp;#YoFisica&nbsp;<\/mark>para el&nbsp;<a href=\"https:\/\/www.youtube.com\/hashtag\/11f\"><mark style=\"background-color:rgba(0, 0, 0, 0)\" class=\"has-inline-color has-neve-text-color-color\">#11F<\/mark><\/a>!<\/p>\n\n\n\n<div style=\"height:30px\" aria-hidden=\"true\" class=\"wp-block-spacer\"><\/div>\n\n\n\n<div class=\"wp-block-buttons is-content-justification-center is-layout-flex wp-container-core-buttons-is-layout-16018d1d wp-block-buttons-is-layout-flex\">\n<div class=\"wp-block-button is-style-default\"><a class=\"wp-block-button__link wp-element-button\" href=\"https:\/\/yofisicaift.wixsite.com\/mysite\">VER RETO<\/a><\/div>\n\n\n\n<div class=\"wp-block-button is-style-default\"><a class=\"wp-block-button__link wp-element-button\" href=\"https:\/\/yofisicaift.wixsite.com\/mysite\/galeria\">GALER\u00cdA<\/a><\/div>\n<\/div>\n<\/div>\n<\/div><\/section>\n<\/div>\n<\/div><\/section>\n","protected":false},"excerpt":{"rendered":"","protected":false},"author":1,"featured_media":0,"parent":0,"menu_order":0,"comment_status":"closed","ping_status":"closed","template":"","meta":{"neve_meta_sidebar":"full-width","neve_meta_container":"","neve_meta_enable_content_width":"on","neve_meta_content_width":100,"neve_meta_title_alignment":"","neve_meta_author_avatar":"","neve_post_elements_order":"","neve_meta_disable_header":"","neve_meta_disable_footer":"","neve_meta_disable_title":"on","_themeisle_gutenberg_block_has_review":false,"footnotes":""},"class_list":["post-595","page","type-page","status-publish","hentry"],"_links":{"self":[{"href":"https:\/\/projects.ift.uam-csic.es\/outreach_new\/wp-json\/wp\/v2\/pages\/595","targetHints":{"allow":["GET"]}}],"collection":[{"href":"https:\/\/projects.ift.uam-csic.es\/outreach_new\/wp-json\/wp\/v2\/pages"}],"about":[{"href":"https:\/\/projects.ift.uam-csic.es\/outreach_new\/wp-json\/wp\/v2\/types\/page"}],"author":[{"embeddable":true,"href":"https:\/\/projects.ift.uam-csic.es\/outreach_new\/wp-json\/wp\/v2\/users\/1"}],"replies":[{"embeddable":true,"href":"https:\/\/projects.ift.uam-csic.es\/outreach_new\/wp-json\/wp\/v2\/comments?post=595"}],"version-history":[{"count":46,"href":"https:\/\/projects.ift.uam-csic.es\/outreach_new\/wp-json\/wp\/v2\/pages\/595\/revisions"}],"predecessor-version":[{"id":2095,"href":"https:\/\/projects.ift.uam-csic.es\/outreach_new\/wp-json\/wp\/v2\/pages\/595\/revisions\/2095"}],"wp:attachment":[{"href":"https:\/\/projects.ift.uam-csic.es\/outreach_new\/wp-json\/wp\/v2\/media?parent=595"}],"curies":[{"name":"wp","href":"https:\/\/api.w.org\/{rel}","templated":true}]}}