{"id":261,"date":"2019-01-14T19:46:17","date_gmt":"2019-01-14T18:46:17","guid":{"rendered":"http:\/\/projects.ift.uam-csic.es\/grass\/?page_id=261"},"modified":"2019-01-17T19:27:05","modified_gmt":"2019-01-17T18:27:05","slug":"publicaciones-cientificas-ift-2018","status":"publish","type":"page","link":"https:\/\/projects.ift.uam-csic.es\/grass\/?page_id=261","title":{"rendered":"Publicaciones cient\u00edficas 2018"},"content":{"rendered":"<h2><strong>Publicaciones en revistas cient\u00edficas:<\/strong><\/h2>\n<p>&nbsp;<\/p>\n<ol>\n<li><em><strong>Supersymmetric action for multiple D0-brane system,<\/strong><\/em><br \/>\nIgor Bandos.<br \/>\n<em>JHEP<\/em> <strong>1811<\/strong> (2018) 189.<\/li>\n<li><em><strong>NUTs and bolts beyond Lovelock,<\/strong><\/em><br \/>\nPablo Bueno, Pablo A. Cano, Robie A. Hennigar, Robert B. Mann.<br \/>\n<em>JHEP<\/em> <strong>1810<\/strong> (2018) 095.<\/li>\n<li><em><strong>Hamiltonian approach and quantization of $D=3, {\\cal N}=1$ supersymmetric non-Abelian <\/strong><\/em><em><strong>multiwave system,<\/strong><\/em><br \/>\nIgor Bandos, M. Sabido.<br \/>\n<em>JHEP<\/em> <strong>1809<\/strong> (2018) 112.<\/li>\n<li><em><strong>On a family of \u03b1\u2019-corrected solutions of the Heterotic Superstring effective action,<\/strong><\/em><br \/>\nSamuele Chimento, Patrick Meessen, Tomas Ort\u00edn, Pedro F. Ram\u00edrez, Alejandro Ruip\u00e9rez.<br \/>\n<em>JHEP<\/em> <strong>1807<\/strong> (2018) 080.<\/li>\n<li><em><strong>Complexity Growth Rate in Lovelock Gravity,<\/strong><\/em><br \/>\nPablo A. Cano, Robie A. Hennigar, Hugo Marrochio.<br \/>\n<em>Phys.Rev.Lett.<\/em> <strong>121<\/strong> (2018) no.12, 121602.<\/li>\n<li><em><strong>\u03b1\u2019-corrected black holes in String Theory,<\/strong><\/em><br \/>\nPablo A. Cano, Patrick Meessen, Tom\u00e1s Ort\u00edn, Pedro F. Ram\u00edrez.<br \/>\n<em>JHEP<\/em> <strong>1805<\/strong> (2018) 110.<\/li>\n<li><em><strong>Three-forms, dualities and membranes in four-dimensional supergravity,<\/strong><\/em><br \/>\nIgor Bandos, Fotis Farakos, Stefano Lanza, Luca Martucci, Dmitri Sorokin.<br \/>\n<em>JHEP<\/em> <strong>1807<\/strong> (2018) 028.<\/li>\n<li><em><strong>Lovelock action with nonsmooth boundaries,<\/strong><\/em><br \/>\nPablo A. Cano.<br \/>\n<em>Phys.Rev.<\/em> <strong>D97<\/strong> (2018) no.10, 104048.<\/li>\n<li><em><strong>Supersymmetric solutions of the cosmological, gauged, C magic model,<\/strong><\/em><br \/>\nSamuele Chimento, Tomas Ortin, Alejandro Ruip\u00e9rez.<br \/>\n<em>JHEP<\/em><strong> 1805<\/strong> (2018) 107.<\/li>\n<li><strong><em>Holographic studies of Einsteinian cubic gravity,<\/em><\/strong><br \/>\nPablo Bueno, Pablo A. Cano, Alejandro Ruip\u00e9rez.<br \/>\n<em>JHEP<\/em> <strong>1803<\/strong> (2018) 150.<\/li>\n<li><em><strong>One Thousand and One Bubbles<\/strong><\/em><br \/>\nJesus \u00c1vila, Pedro F. Ram\u00edrez, Alejandro Ruip\u00e9rez.<br \/>\n<em>JHEP<\/em> <strong>1801<\/strong> (2018) 041.<\/li>\n<li><em><strong>Spinor frame formalism for amplitudes and constrained superamplitudes of<\/strong> <strong>10D SYM and 11D supergravity,<\/strong><\/em><br \/>\nIgor Bandos.<br \/>\n<em>JHEP<\/em><strong> 1811<\/strong> (2018) 017.<\/li>\n<li>\u00a0<em><strong>Echoes of Kerr-like wormholes,<\/strong><\/em><br \/>\nPablo Bueno, Pablo A. Cano, Frederik Goelen, Thomas Hertog, Bert Vercnocke.<br \/>\n<em>Phys.Rev.<\/em><strong> D97<\/strong> (2018) no.2, 024040.<\/li>\n<\/ol>\n<h2><strong><em>Preprints<\/em> a\u00fan sin publicar:<\/strong><\/h2>\n<p>&nbsp;<\/p>\n<ol>\n<li><em><strong>The small black hole illusion<\/strong><\/em><br \/>\nPablo A. Cano, Pedro F. Ram\u00edrez, Alejandro Ruip\u00e9rez,<br \/>\nIFT-UAM\/CSIC-18-92, IFUM-1062-FT<br \/>\n<a href=\"http:\/\/arXiv.org\/abs\/arXiv:1808.10449\">e-Print: arXiv:1808.10449 [hep-th]<\/a><\/li>\n<li><em><strong>Beyond the near-horizon limit: Stringy corrections to Heterotic Black Holes<\/strong><\/em><br \/>\nPablo A. Cano, Samuele Chimento, Patrick Meessen, Tom\u00e1s Ort\u00edn, Pedro F.<br \/>\nRam\u00edrez, Alejandro Ruip\u00e9rez ,<br \/>\nIFT-UAM\/CSIC-17-091, IFUM-1061-FT<br \/>\n<a href=\"http:\/\/arXiv.org\/abs\/arXiv:1808.03651\">e-Print: arXiv:1808.03651 [hep-th]<\/a><\/li>\n<li><a href=\"http:\/\/arXiv.org\/pdf\/1808.02052.pdf\"><em><strong> Universality of squashed-sphere partition functions<\/strong><\/em><\/a><br \/>\nPablo Bueno, Pablo A. Cano, Robie A. Hennigar, Robert B. Mann.<br \/>\n<a href=\"http:\/\/arXiv.org\/abs\/arXiv:1808.02052\">e-Print: arXiv:1808.02052 [hep-th]<\/a><\/li>\n<li><em><strong>Regular Stringy Black Holes?<\/strong><\/em><br \/>\nPablo A. Cano, Samuele Chimento, Tom\u00e1s Ort\u00edn, Alejandro Ruip\u00e9rez<br \/>\nIFT-UAM-CSIC-18-62<br \/>\n<a href=\"http:\/\/arXiv.org\/abs\/arXiv:1806.08377\">e-Print: arXiv:1806.08377 [hep-th]<\/a><\/li>\n<li><a href=\"http:\/\/arXiv.org\/pdf\/1804.04945.pdf\"><em><strong>All the supersymmetric solutions of ungauged N = (1,0),d=6 supergravity<\/strong><\/em><\/a><br \/>\nPablo A. Cano, Tom\u00e1s Ort\u00edn\u00a0\u00a0\u00a0\u00a0\u00a0\u00a0\u00a0\u00a0\u00a0\u00a0\u00a0\u00a0\u00a0\u00a0\u00a0\u00a0\u00a0\u00a0\u00a0\u00a0\u00a0\u00a0\u00a0\u00a0\u00a0\u00a0\u00a0\u00a0\u00a0\u00a0\u00a0\u00a0\u00a0\u00a0\u00a0\u00a0\u00a0\u00a0\u00a0\u00a0\u00a0\u00a0\u00a0\u00a0\u00a0\u00a0\u00a0\u00a0\u00a0\u00a0\u00a0\u00a0\u00a0\u00a0\u00a0\u00a0\u00a0\u00a0\u00a0\u00a0\u00a0\u00a0\u00a0\u00a0\u00a0\u00a0\u00a0\u00a0\u00a0\u00a0\u00a0\u00a0\u00a0\u00a0\u00a0\u00a0\u00a0\u00a0\u00a0\u00a0\u00a0\u00a0\u00a0\u00a0\u00a0\u00a0\u00a0\u00a0\u00a0\u00a0\u00a0\u00a0\u00a0\u00a0\u00a0\u00a0\u00a0\u00a0\u00a0\u00a0\u00a0\u00a0\u00a0\u00a0\u00a0\u00a0\u00a0\u00a0\u00a0\u00a0\u00a0\u00a0\u00a0\u00a0\u00a0\u00a0\u00a0 IFT-UAM\/CSIC-18-040, IFT-UAM-CSIC-18-040<br \/>\n<a href=\"http:\/\/arXiv.org\/abs\/arXiv:1804.04945\">e-Print: arXiv:1804.04945 [hep-th]\u00a0<\/a><\/li>\n<\/ol>\n<h2><strong>Proceedings etc:<\/strong><\/h2>\n<p>&nbsp;<\/p>\n","protected":false},"excerpt":{"rendered":"<p>Publicaciones en revistas cient\u00edficas: &nbsp; Supersymmetric action for multiple D0-brane system, Igor Bandos. JHEP 1811 (2018) 189. NUTs and bolts beyond Lovelock, Pablo Bueno, Pablo A. Cano, Robie A. Hennigar, Robert B. Mann. JHEP 1810 (2018) 095. Hamiltonian approach and quantization of $D=3, {\\cal N}=1$ supersymmetric non-Abelian multiwave system, Igor Bandos, M. Sabido. JHEP 1809 &hellip; <\/p>\n<p class=\"link-more\"><a href=\"https:\/\/projects.ift.uam-csic.es\/grass\/?page_id=261\" class=\"more-link\">Continuar leyendo<span class=\"screen-reader-text\"> \u00abPublicaciones cient\u00edficas 2018\u00bb<\/span><\/a><\/p>\n","protected":false},"author":1,"featured_media":0,"parent":286,"menu_order":1,"comment_status":"closed","ping_status":"closed","template":"","meta":{"footnotes":""},"class_list":["post-261","page","type-page","status-publish","hentry"],"jetpack_sharing_enabled":true,"jetpack_shortlink":"https:\/\/wp.me\/PaCiv5-4d","_links":{"self":[{"href":"https:\/\/projects.ift.uam-csic.es\/grass\/index.php?rest_route=\/wp\/v2\/pages\/261","targetHints":{"allow":["GET"]}}],"collection":[{"href":"https:\/\/projects.ift.uam-csic.es\/grass\/index.php?rest_route=\/wp\/v2\/pages"}],"about":[{"href":"https:\/\/projects.ift.uam-csic.es\/grass\/index.php?rest_route=\/wp\/v2\/types\/page"}],"author":[{"embeddable":true,"href":"https:\/\/projects.ift.uam-csic.es\/grass\/index.php?rest_route=\/wp\/v2\/users\/1"}],"replies":[{"embeddable":true,"href":"https:\/\/projects.ift.uam-csic.es\/grass\/index.php?rest_route=%2Fwp%2Fv2%2Fcomments&post=261"}],"version-history":[{"count":6,"href":"https:\/\/projects.ift.uam-csic.es\/grass\/index.php?rest_route=\/wp\/v2\/pages\/261\/revisions"}],"predecessor-version":[{"id":336,"href":"https:\/\/projects.ift.uam-csic.es\/grass\/index.php?rest_route=\/wp\/v2\/pages\/261\/revisions\/336"}],"up":[{"embeddable":true,"href":"https:\/\/projects.ift.uam-csic.es\/grass\/index.php?rest_route=\/wp\/v2\/pages\/286"}],"wp:attachment":[{"href":"https:\/\/projects.ift.uam-csic.es\/grass\/index.php?rest_route=%2Fwp%2Fv2%2Fmedia&parent=261"}],"curies":[{"name":"wp","href":"https:\/\/api.w.org\/{rel}","templated":true}]}}