{"id":1480,"date":"2025-10-30T11:47:32","date_gmt":"2025-10-30T10:47:32","guid":{"rendered":"https:\/\/projects.ift.uam-csic.es\/doctorado\/?page_id=1480"},"modified":"2026-03-20T13:45:54","modified_gmt":"2026-03-20T12:45:54","slug":"thesis-and-awards","status":"publish","type":"page","link":"https:\/\/projects.ift.uam-csic.es\/doctorado\/thesis-and-awards\/","title":{"rendered":"Thesis and Awards"},"content":{"rendered":"<p>[et_pb_section fb_built=&#8221;1&#8243; admin_label=&#8221;section&#8221; _builder_version=&#8221;4.16&#8243; locked=&#8221;off&#8221; global_colors_info=&#8221;{}&#8221;][et_pb_row _builder_version=&#8221;4.27.4&#8243; _module_preset=&#8221;default&#8221; locked=&#8221;off&#8221; global_colors_info=&#8221;{}&#8221;][et_pb_column type=&#8221;4_4&#8243; _builder_version=&#8221;4.27.4&#8243; _module_preset=&#8221;default&#8221; global_colors_info=&#8221;{}&#8221;][et_pb_text _builder_version=&#8221;4.27.4&#8243; _module_preset=&#8221;default&#8221; global_colors_info=&#8221;{}&#8221;]<\/p>\n<h2 style=\"font-family: 'Montserrat',Helvetica,Arial,Lucida,sans-serif; font-weight: bold; font-size: 40px; line-height: 1.2em;\">Thesis and Awards<\/h2>\n<p>[\/et_pb_text][et_pb_button button_url=&#8221;https:\/\/projects.ift.uam-csic.es\/doctorado\/wp-content\/uploads\/2026\/03\/Tesis-en-curso-febrero-2026.pdf&#8221; button_text=&#8221;Ongoing Thesis&#8221; _builder_version=&#8221;4.27.4&#8243; _module_preset=&#8221;default&#8221; custom_button=&#8221;on&#8221; button_text_size=&#8221;32px&#8221; button_text_color=&#8221;#000000&#8243; button_bg_color=&#8221;rgba(224,153,0,0.67)&#8221; button_border_width=&#8221;4px&#8221; button_border_color=&#8221;#000000&#8243; button_border_radius=&#8221;8px&#8221; button_font=&#8221;&#8211;et_global_body_font|700|||||||&#8221; button_icon=&#8221;&#xe05f;||divi||400&#8243; button_icon_color=&#8221;#000000&#8243; hover_enabled=&#8221;0&#8243; locked=&#8221;off&#8221; global_colors_info=&#8221;{}&#8221; sticky_enabled=&#8221;0&#8243; custom_padding=&#8221;0px||0px||false|false&#8221; button_text_shadow_style=&#8221;preset1&#8243; button_alignment=&#8221;left&#8221; custom_margin=&#8221;11px||||false|false&#8221;][\/et_pb_button][et_pb_text _builder_version=&#8221;4.27.4&#8243; _module_preset=&#8221;default&#8221; global_colors_info=&#8221;{}&#8221; custom_padding=&#8221;||0px|||&#8221;]<\/p>\n<h3 style=\"font-family: 'Montserrat',Helvetica,Arial,Lucida,sans-serif; line-height: 1.4em; font-size: 25px;\">Upcoming readings<\/h3>\n<p>[\/et_pb_text][\/et_pb_column][\/et_pb_row][et_pb_row column_structure=&#8221;1_2,1_2&#8243; _builder_version=&#8221;4.27.4&#8243; _module_preset=&#8221;default&#8221; locked=&#8221;off&#8221; global_colors_info=&#8221;{}&#8221;][et_pb_column type=&#8221;1_2&#8243; _builder_version=&#8221;4.27.4&#8243; _module_preset=&#8221;default&#8221; global_colors_info=&#8221;{}&#8221;][et_pb_text _builder_version=&#8221;4.27.4&#8243; _module_preset=&#8221;default&#8221; global_colors_info=&#8221;{}&#8221; custom_padding=&#8221;0px|||||&#8221; custom_margin=&#8221;-29px|||||&#8221;]<!-- 1 --><\/p>\n<figure class=\"wp-block-pullquote\">\n<blockquote><p>Thesis by Gonzalo Fern\u00e1ndez Casas<br \/>\n<em><b>On string phenomenology from a swampland perspective <\/b><\/em><\/p>\n<p><cite>Thursday, 19 February at 11:00 in the Blue Room. IFT<\/cite><\/p><\/blockquote>\n<\/figure>\n<p><!-- \/1 -->[\/et_pb_text][\/et_pb_column][et_pb_column type=&#8221;1_2&#8243; _builder_version=&#8221;4.27.4&#8243; _module_preset=&#8221;default&#8221; global_colors_info=&#8221;{}&#8221;][et_pb_text disabled_on=&#8221;on|on|on&#8221; _builder_version=&#8221;4.27.4&#8243; _module_preset=&#8221;default&#8221; disabled=&#8221;on&#8221; global_colors_info=&#8221;{}&#8221;]<\/p>\n<p><!-- 2 --><\/p>\n<figure class=\"wp-block-pullquote\">\n<blockquote>\n<p>Tesis de Luca Melotti<br \/><em>TITULO <\/em><br \/>Director: Tutor:<\/p>\n<p><cite>Lunes, 15 de septiembre<strong>\u22c5<\/strong>00:00am \u2013 00:00pm<br \/>Sala Roja IFT<\/cite><\/p>\n<\/blockquote>\n<\/figure>\n<p><!-- \/2 --><\/p>\n<p><!-- 4 --><\/p>\n<figure class=\"wp-block-pullquote\">\n<blockquote>\n<p>Tesis de Jes\u00fas Huertas Castellanos<br \/><em>TITULO <\/em><br \/>Director: Tutor:<\/p>\n<p><cite>Lunes, 15 de septiembre<strong>\u22c5<\/strong>00:00am \u2013 00:00pm<br \/>Sala Roja IFT<\/cite><\/p>\n<\/blockquote>\n<\/figure>\n<p><!-- \/4 --><\/p>\n<p><!-- 6 --><\/p>\n<figure class=\"wp-block-pullquote alignwide\">\n<blockquote>\n<p>Tesis de Gonzalo Morr\u00e1s<br \/>TITULO Y DIRECTORES<\/p>\n<p><cite>Mi\u00e9rcoles, 24 de septiembre<strong>\u22c5<\/strong>10:00am \u2013 2:00pm<br \/>Sala Azul IFT<\/cite><\/p>\n<\/blockquote>\n<\/figure>\n<p><!-- \/6 --><\/p>\n<p>[\/et_pb_text][\/et_pb_column][\/et_pb_row][et_pb_row _builder_version=&#8221;4.27.4&#8243; _module_preset=&#8221;default&#8221; global_colors_info=&#8221;{}&#8221;][et_pb_column type=&#8221;4_4&#8243; _builder_version=&#8221;4.27.4&#8243; _module_preset=&#8221;default&#8221; global_colors_info=&#8221;{}&#8221;][et_pb_text admin_label=&#8221;Text&#8221; _builder_version=&#8221;4.27.4&#8243; background_size=&#8221;initial&#8221; background_position=&#8221;top_left&#8221; background_repeat=&#8221;repeat&#8221; global_colors_info=&#8221;{}&#8221;]<\/p>\n<h3 style=\"font-family: 'Montserrat',Helvetica,Arial,Lucida,sans-serif; line-height: 1.4em; font-size: 25px;\">Theses read<\/h3>\n<p>[\/et_pb_text][\/et_pb_column][\/et_pb_row][et_pb_row column_structure=&#8221;1_6,1_6,1_6,1_6,1_6,1_6&#8243; admin_label=&#8221;row&#8221; _builder_version=&#8221;4.27.4&#8243; background_size=&#8221;initial&#8221; background_position=&#8221;top_left&#8221; background_repeat=&#8221;repeat&#8221; global_colors_info=&#8221;{}&#8221;][et_pb_column type=&#8221;1_6&#8243; _builder_version=&#8221;4.16&#8243; custom_padding=&#8221;|||&#8221; global_colors_info=&#8221;{}&#8221; custom_padding__hover=&#8221;|||&#8221;][et_pb_button button_url=&#8221;https:\/\/projects.ift.uam-csic.es\/doctorado\/2016-theses-read\/&#8221; button_text=&#8221;2016&#8243; _builder_version=&#8221;4.27.4&#8243; _module_preset=&#8221;default&#8221; custom_button=&#8221;on&#8221; button_text_size=&#8221;16px&#8221; button_text_color=&#8221;#000000&#8243; button_bg_color=&#8221;rgba(224,153,0,0.67)&#8221; button_border_width=&#8221;2px&#8221; button_border_color=&#8221;#000000&#8243; button_border_radius=&#8221;10px&#8221; button_font=&#8221;&#8211;et_global_body_font|700|||||||&#8221; button_icon=&#8221;&#xf101;||fa||900&#8243; button_icon_color=&#8221;#000000&#8243; locked=&#8221;off&#8221; global_colors_info=&#8221;{}&#8221;][\/et_pb_button][et_pb_button button_url=&#8221;https:\/\/projects.ift.uam-csic.es\/doctorado\/2022-theses-read\/&#8221; button_text=&#8221;2022&#8243; _builder_version=&#8221;4.27.4&#8243; _module_preset=&#8221;default&#8221; custom_button=&#8221;on&#8221; button_text_size=&#8221;16px&#8221; button_text_color=&#8221;#000000&#8243; button_bg_color=&#8221;rgba(224,153,0,0.67)&#8221; button_border_width=&#8221;2px&#8221; button_border_color=&#8221;#000000&#8243; button_border_radius=&#8221;10px&#8221; button_font=&#8221;&#8211;et_global_body_font|700|||||||&#8221; button_icon=&#8221;&#xf101;||fa||900&#8243; button_icon_color=&#8221;#000000&#8243; locked=&#8221;off&#8221; global_colors_info=&#8221;{}&#8221;][\/et_pb_button][\/et_pb_column][et_pb_column type=&#8221;1_6&#8243; _builder_version=&#8221;4.16&#8243; custom_padding=&#8221;|||&#8221; global_colors_info=&#8221;{}&#8221; custom_padding__hover=&#8221;|||&#8221;][et_pb_button button_url=&#8221;https:\/\/projects.ift.uam-csic.es\/doctorado\/2017-theses-read\/&#8221; button_text=&#8221;2017&#8243; _builder_version=&#8221;4.27.4&#8243; _module_preset=&#8221;default&#8221; custom_button=&#8221;on&#8221; button_text_size=&#8221;16px&#8221; button_text_color=&#8221;#000000&#8243; button_bg_color=&#8221;rgba(224,153,0,0.67)&#8221; button_border_width=&#8221;2px&#8221; button_border_color=&#8221;#000000&#8243; button_border_radius=&#8221;10px&#8221; button_font=&#8221;&#8211;et_global_body_font|700|||||||&#8221; button_icon=&#8221;&#xf101;||fa||900&#8243; button_icon_color=&#8221;#000000&#8243; locked=&#8221;off&#8221; global_colors_info=&#8221;{}&#8221;][\/et_pb_button][et_pb_button button_url=&#8221;https:\/\/projects.ift.uam-csic.es\/doctorado\/2023-theses-read\/&#8221; button_text=&#8221;2023&#8243; _builder_version=&#8221;4.27.4&#8243; _module_preset=&#8221;default&#8221; custom_button=&#8221;on&#8221; button_text_size=&#8221;16px&#8221; button_text_color=&#8221;#000000&#8243; button_bg_color=&#8221;rgba(224,153,0,0.67)&#8221; button_border_width=&#8221;2px&#8221; button_border_color=&#8221;#000000&#8243; button_border_radius=&#8221;10px&#8221; button_font=&#8221;&#8211;et_global_body_font|700|||||||&#8221; button_icon=&#8221;&#xf101;||fa||900&#8243; button_icon_color=&#8221;#000000&#8243; locked=&#8221;off&#8221; global_colors_info=&#8221;{}&#8221;][\/et_pb_button][\/et_pb_column][et_pb_column type=&#8221;1_6&#8243; _builder_version=&#8221;4.16&#8243; custom_padding=&#8221;|||&#8221; global_colors_info=&#8221;{}&#8221; custom_padding__hover=&#8221;|||&#8221;][et_pb_button button_url=&#8221;https:\/\/projects.ift.uam-csic.es\/doctorado\/2018-theses-read\/&#8221; button_text=&#8221;2018&#8243; _builder_version=&#8221;4.27.4&#8243; _module_preset=&#8221;default&#8221; custom_button=&#8221;on&#8221; button_text_size=&#8221;16px&#8221; button_text_color=&#8221;#000000&#8243; button_bg_color=&#8221;rgba(224,153,0,0.67)&#8221; button_border_width=&#8221;2px&#8221; button_border_color=&#8221;#000000&#8243; button_border_radius=&#8221;10px&#8221; button_font=&#8221;&#8211;et_global_body_font|700|||||||&#8221; button_icon=&#8221;&#xf101;||fa||900&#8243; button_icon_color=&#8221;#000000&#8243; locked=&#8221;off&#8221; global_colors_info=&#8221;{}&#8221;][\/et_pb_button][et_pb_button button_url=&#8221;https:\/\/projects.ift.uam-csic.es\/doctorado\/2024-theses-read\/&#8221; button_text=&#8221;2024&#8243; _builder_version=&#8221;4.27.4&#8243; _module_preset=&#8221;default&#8221; custom_button=&#8221;on&#8221; button_text_size=&#8221;16px&#8221; button_text_color=&#8221;#000000&#8243; button_bg_color=&#8221;rgba(224,153,0,0.67)&#8221; button_border_width=&#8221;2px&#8221; button_border_color=&#8221;#000000&#8243; button_border_radius=&#8221;10px&#8221; button_font=&#8221;&#8211;et_global_body_font|700|||||||&#8221; button_icon=&#8221;&#xf101;||fa||900&#8243; button_icon_color=&#8221;#000000&#8243; locked=&#8221;off&#8221; global_colors_info=&#8221;{}&#8221;][\/et_pb_button][\/et_pb_column][et_pb_column type=&#8221;1_6&#8243; _builder_version=&#8221;4.16&#8243; custom_padding=&#8221;|||&#8221; global_colors_info=&#8221;{}&#8221; custom_padding__hover=&#8221;|||&#8221;][et_pb_button button_url=&#8221;https:\/\/projects.ift.uam-csic.es\/doctorado\/2019-theses-read\/&#8221; button_text=&#8221;2019&#8243; _builder_version=&#8221;4.27.4&#8243; _module_preset=&#8221;default&#8221; custom_button=&#8221;on&#8221; button_text_size=&#8221;16px&#8221; button_text_color=&#8221;#000000&#8243; button_bg_color=&#8221;rgba(224,153,0,0.67)&#8221; button_border_width=&#8221;2px&#8221; button_border_color=&#8221;#000000&#8243; button_border_radius=&#8221;10px&#8221; button_font=&#8221;&#8211;et_global_body_font|700|||||||&#8221; button_icon=&#8221;&#xf101;||fa||900&#8243; button_icon_color=&#8221;#000000&#8243; locked=&#8221;off&#8221; global_colors_info=&#8221;{}&#8221;][\/et_pb_button][et_pb_button button_url=&#8221;https:\/\/projects.ift.uam-csic.es\/doctorado\/2025-theses-read\/&#8221; button_text=&#8221;2025&#8243; _builder_version=&#8221;4.27.4&#8243; _module_preset=&#8221;default&#8221; custom_button=&#8221;on&#8221; button_text_size=&#8221;16px&#8221; button_text_color=&#8221;#000000&#8243; button_bg_color=&#8221;rgba(224,153,0,0.67)&#8221; button_border_width=&#8221;2px&#8221; button_border_color=&#8221;#000000&#8243; button_border_radius=&#8221;10px&#8221; button_font=&#8221;&#8211;et_global_body_font|700|||||||&#8221; button_icon=&#8221;&#xf101;||fa||900&#8243; button_icon_color=&#8221;#000000&#8243; locked=&#8221;off&#8221; global_colors_info=&#8221;{}&#8221;][\/et_pb_button][\/et_pb_column][et_pb_column type=&#8221;1_6&#8243; _builder_version=&#8221;4.16&#8243; custom_padding=&#8221;|||&#8221; global_colors_info=&#8221;{}&#8221; custom_padding__hover=&#8221;|||&#8221;][et_pb_button button_url=&#8221;https:\/\/projects.ift.uam-csic.es\/doctorado\/2020-theses-read\/&#8221; button_text=&#8221;2020&#8243; _builder_version=&#8221;4.27.4&#8243; _module_preset=&#8221;default&#8221; custom_button=&#8221;on&#8221; button_text_size=&#8221;16px&#8221; button_text_color=&#8221;#000000&#8243; button_bg_color=&#8221;rgba(224,153,0,0.67)&#8221; button_border_width=&#8221;2px&#8221; button_border_color=&#8221;#000000&#8243; button_border_radius=&#8221;10px&#8221; button_font=&#8221;&#8211;et_global_body_font|700|||||||&#8221; button_icon=&#8221;&#xf101;||fa||900&#8243; button_icon_color=&#8221;#000000&#8243; locked=&#8221;off&#8221; global_colors_info=&#8221;{}&#8221;][\/et_pb_button][\/et_pb_column][et_pb_column type=&#8221;1_6&#8243; _builder_version=&#8221;4.16&#8243; custom_padding=&#8221;|||&#8221; global_colors_info=&#8221;{}&#8221; custom_padding__hover=&#8221;|||&#8221;][et_pb_button button_url=&#8221;https:\/\/projects.ift.uam-csic.es\/doctorado\/2021-theses-read\/&#8221; button_text=&#8221;2021&#8243; _builder_version=&#8221;4.27.4&#8243; _module_preset=&#8221;default&#8221; custom_button=&#8221;on&#8221; button_text_size=&#8221;16px&#8221; button_text_color=&#8221;#000000&#8243; button_bg_color=&#8221;rgba(224,153,0,0.67)&#8221; button_border_width=&#8221;2px&#8221; button_border_color=&#8221;#000000&#8243; button_border_radius=&#8221;10px&#8221; button_font=&#8221;&#8211;et_global_body_font|700|||||||&#8221; button_icon=&#8221;&#xf101;||fa||900&#8243; button_icon_color=&#8221;#000000&#8243; locked=&#8221;off&#8221; global_colors_info=&#8221;{}&#8221;][\/et_pb_button][\/et_pb_column][\/et_pb_row][et_pb_row _builder_version=&#8221;4.27.4&#8243; _module_preset=&#8221;default&#8221; global_colors_info=&#8221;{}&#8221;][et_pb_column type=&#8221;4_4&#8243; _builder_version=&#8221;4.27.4&#8243; _module_preset=&#8221;default&#8221; global_colors_info=&#8221;{}&#8221;][et_pb_text _builder_version=&#8221;4.27.4&#8243; _module_preset=&#8221;default&#8221; global_colors_info=&#8221;{}&#8221;]<\/p>\n<h3 style=\"font-family: 'Montserrat',Helvetica,Arial,Lucida,sans-serif; line-height: 1.4em; font-size: 25px;\">UAM Extraordinary Doctorate Awards<\/h3>\n<p style=\"font-family: 'Montserrat',Helvetica,Arial,Lucida,sans-serif; line-height: 1.4em; font-size: 100%; color: #000; font-weight: 500;\">2023\/2024: Matilda Delgado, \u201c<a href=\"https:\/\/repositorio.uam.es\/handle\/10486\/716093\">Bordisms &amp; Probes of Quantum Gravity<\/a>\u201d. Supervisors: Miguel Montero Mu\u00f1oz and \u00c1ngel M. Uranga Urteaga.<\/p>\n<p style=\"font-family: 'Montserrat',Helvetica,Arial,Lucida,sans-serif; line-height: 1.4em; font-size: 100%; color: #000; font-weight: 500;\">2023\/ 2024: Matteo Zatti, \u201c<a href=\"https:\/\/repositorio.uam.es\/xmlui\/bitstream\/handle\/10486\/716192\/zati_matteo.pdf?sequence=1&amp;isAllowed=y\">Exploring String Theory Solutions: Black hole thermodynamics with \u03b1\u2032 corrections and type II compactifications<\/a>\u201d. Supervisor: Fernando G. Marchesano Buznego and Tom\u00e1s Ort\u00edn Miguel.<\/p>\n<p style=\"font-family: 'Montserrat',Helvetica,Arial,Lucida,sans-serif; line-height: 1.4em; font-size: 100%; color: #000; font-weight: 500;\">2019\/2020: Pablo Antonio Cano Molina-Ni\u00f1irola, \u201c<a href=\"https:\/\/repositorio.uam.es\/handle\/10486\/689399\">Higher-Curvature Gravity, Black Holes and Holography<\/a>\u201d. Supervisors: Tom\u00e1s Ort\u00edn Miguel and Pablo Bueno G\u00f3mez.<\/p>\n<p style=\"font-family: 'Montserrat',Helvetica,Arial,Lucida,sans-serif; line-height: 1.4em; font-size: 100%; color: #000; font-weight: 500;\">2022\/2023: Alejandra Aguirre Santaella <a href=\"https:\/\/repositorio.uam.es\/entities\/publication\/b77f64e4-458f-4800-a8bb-ed3841440775 \">\u201cN-body cosmological simulations and gamma rays as tools to reveal the properties of dark matter halo substructure\u201d<\/a> Supervisor: Miguel \u00c1ngel S\u00e1nchez-Conde.<\/p>\n<p style=\"font-family: 'Montserrat',Helvetica,Arial,Lucida,sans-serif; line-height: 1.4em; font-size: 100%; color: #000; font-weight: 500;\">2021\/2022: Jos\u00e9 Calder\u00f3n Infante <a href=\"https:\/\/repositorio.uam.es\/entities\/publication\/b12e59c2-a974-4352-bbbc-6c9a3209d535\">\u201cPushing the limits of the Swampland distance conjecture\u201d<\/a> Supervisor: \u00c1ngel Manuel Uranga Urteaga<\/p>\n<p style=\"font-family: 'Montserrat',Helvetica,Arial,Lucida,sans-serif; line-height: 1.4em; font-size: 100%; color: #000; font-weight: 500;\">2021\/2022: Daniel Camarero Mu\u00f1oz <a href=\"https:\/\/repositorio.uam.es\/entities\/publication\/13bef7a1-dadd-4481-ae9d-e571b484fb68\">\u201cMeasurements of the inclusive isolated -photon and photon-plus-jet production in pp collisions at \u221as = 13 TeV with the ATLAS detector\u201d<\/a> Directors: Claudia Glasman Kuguel and Juan Terr\u00f3n Cuadrado<\/p>\n<p style=\"font-family: 'Montserrat',Helvetica,Arial,Lucida,sans-serif; line-height: 1.4em; font-size: 100%; color: #000; font-weight: 500;\">2021\/2022: \u00c1ngel Jes\u00fas Murcia Gil <a href=\"https:\/\/repositorio.uam.es\/entities\/publication\/14b57610-72a9-4e47-b3f2-054373798939\">\u201cPhysics and Geometry of Gravity at High Energies\u201d<\/a> Supervisors: Tom\u00e1s Ort\u00edn Miguel and Carlos Shahin Shahbazi Alonso<\/p>\n<p style=\"font-family: 'Montserrat',Helvetica,Arial,Lucida,sans-serif; line-height: 1.4em; font-size: 100%; color: #000; font-weight: 500;\">2020\/2021: Rub\u00e9n Arjona Fern\u00e1ndez \u201cExploring the nature of dark energy with modified gravity and machine learning\u201d Supervisor: Savvas Nesseris.<\/p>\n<p style=\"font-family: 'Montserrat',Helvetica,Arial,Lucida,sans-serif; line-height: 1.4em; font-size: 100%; color: #000; font-weight: 500;\">2019\/2020: Pablo Antonio Cano Molina-Ni\u00f1irola, \u201c<a href=\"https:\/\/repositorio.uam.es\/handle\/10486\/689399\">Higher-Curvature Gravity, Black Holes and Holography<\/a>\u201d. Supervisors: Tom\u00e1s Ort\u00edn Miguel and Pablo Bueno G\u00f3mez.<\/p>\n<p style=\"font-family: 'Montserrat',Helvetica,Arial,Lucida,sans-serif; line-height: 1.4em; font-size: 100%; color: #000; font-weight: 500;\">2019\/2020: Pablo Qu\u00edlez Lasanta, \u201c<a href=\"https:\/\/repositorio.uam.es\/handle\/10486\/690281\">New dynamics in axions and flavour<\/a>\u201d. Supervisor: Mar\u00eda Bel\u00e9n Gavela Legazpi.<\/p>\n<p style=\"font-family: 'Montserrat',Helvetica,Arial,Lucida,sans-serif; line-height: 1.4em; font-size: 100%; color: #000; font-weight: 500;\">2019\/2020: Jos\u00e9 Mar\u00eda Ezquiaga Bravo, \u201c<a href=\"https:\/\/dialnet.unirioja.es\/servlet\/tesis?codigo=248243\">Unveiling the dark side of the universe with gravitational waves<\/a>\u201d. Supervisor: Juan Garc\u00eda-Bellido Capdevila. Award for the best doctoral thesis in Theoretical Physics in 2019 by the Royal Spanish Physics Society and Enrique Fuentes Quintana Award for Doctoral Theses 2020 (Engineering, Mathematics, Architecture and Physics).<\/p>\n<p style=\"font-family: 'Montserrat',Helvetica,Arial,Lucida,sans-serif; line-height: 1.4em; font-size: 100%; color: #000; font-weight: 500;\">2018\/2019: Ana Rosario Cueto G\u00f3mez, \u201c<a href=\"https:\/\/repositorio.uam.es\/handle\/10486\/685512\">Measurements of isolated-photon production inclusively and in association with jets at \u221as = 13 TeV with the ATLAS detector<\/a>\u201d. Supervisors: Juan Terr\u00f3n Cuadrado and Claudia Beatriz Glasman Kuguel.<\/p>\n<p style=\"font-family: 'Montserrat',Helvetica,Arial,Lucida,sans-serif; line-height: 1.4em; font-size: 100%; color: #000; font-weight: 500;\">2018\/2019: Francisco Torrent\u00ed Salom, \u201c<a href=\"https:\/\/repositorio.uam.es\/handle\/10486\/685654\">Aspects of Preheating and Higgs Cosmology<\/a>\u201d. Supervisors: Juan Garc\u00eda-Bellido Capdevila and Daniel Garc\u00eda Figueroa.<\/p>\n<p>[\/et_pb_text][\/et_pb_column][\/et_pb_row][\/et_pb_section]<\/p>\n","protected":false},"excerpt":{"rendered":"<p>Thesis and AwardsUpcoming readings Thesis by Gonzalo Fern\u00e1ndez Casas On string phenomenology from a swampland perspective Thursday, 19 February at 11:00 in the Blue Room. IFT Tesis de Luca MelottiTITULO Director: Tutor: Lunes, 15 de septiembre\u22c500:00am \u2013 00:00pmSala Roja IFT Tesis de Jes\u00fas Huertas CastellanosTITULO Director: Tutor: Lunes, 15 de septiembre\u22c500:00am \u2013 00:00pmSala Roja IFT [&hellip;]<\/p>\n","protected":false},"author":1,"featured_media":0,"parent":0,"menu_order":0,"comment_status":"closed","ping_status":"closed","template":"","meta":{"_et_pb_use_builder":"on","_et_pb_old_content":"<!-- wp:divi\/placeholder \/-->","_et_gb_content_width":"","footnotes":""},"class_list":["post-1480","page","type-page","status-publish","hentry"],"_links":{"self":[{"href":"https:\/\/projects.ift.uam-csic.es\/doctorado\/wp-json\/wp\/v2\/pages\/1480","targetHints":{"allow":["GET"]}}],"collection":[{"href":"https:\/\/projects.ift.uam-csic.es\/doctorado\/wp-json\/wp\/v2\/pages"}],"about":[{"href":"https:\/\/projects.ift.uam-csic.es\/doctorado\/wp-json\/wp\/v2\/types\/page"}],"author":[{"embeddable":true,"href":"https:\/\/projects.ift.uam-csic.es\/doctorado\/wp-json\/wp\/v2\/users\/1"}],"replies":[{"embeddable":true,"href":"https:\/\/projects.ift.uam-csic.es\/doctorado\/wp-json\/wp\/v2\/comments?post=1480"}],"version-history":[{"count":19,"href":"https:\/\/projects.ift.uam-csic.es\/doctorado\/wp-json\/wp\/v2\/pages\/1480\/revisions"}],"predecessor-version":[{"id":2723,"href":"https:\/\/projects.ift.uam-csic.es\/doctorado\/wp-json\/wp\/v2\/pages\/1480\/revisions\/2723"}],"wp:attachment":[{"href":"https:\/\/projects.ift.uam-csic.es\/doctorado\/wp-json\/wp\/v2\/media?parent=1480"}],"curies":[{"name":"wp","href":"https:\/\/api.w.org\/{rel}","templated":true}]}}