{"id":42,"date":"2025-11-12T17:55:58","date_gmt":"2025-11-12T16:55:58","guid":{"rendered":"https:\/\/projects.ift.uam-csic.es\/cosmo\/?page_id=42"},"modified":"2026-09-01T17:43:10","modified_gmt":"2026-09-01T15:43:10","slug":"news","status":"publish","type":"page","link":"https:\/\/projects.ift.uam-csic.es\/cosmo\/news\/","title":{"rendered":"News"},"content":{"rendered":"\t\t<div data-elementor-type=\"wp-page\" data-elementor-id=\"42\" class=\"elementor elementor-42\">\n\t\t\t\t<div class=\"elementor-element elementor-element-65d38c4 e-flex e-con-boxed e-con e-parent\" data-id=\"65d38c4\" data-element_type=\"container\">\n\t\t\t\t\t<div class=\"e-con-inner\">\n\t\t\t\t<div class=\"elementor-element elementor-element-465d64e elementor-widget elementor-widget-text-editor\" data-id=\"465d64e\" data-element_type=\"widget\" data-widget_type=\"text-editor.default\">\n\t\t\t\t\t\t\t\t\t<ul><li><h3>Miguel Zumalac\u00e1rregui joins the IFT cosmology group<\/h3><p>We are happy to announce that <a href=\"https:\/\/www.ift.uam-csic.es\/en\/person\/?uid=732\">Dr. Miguel Zumalac\u00e1rregui<\/a> joined on September 1st, 2026 the IFT cosmology group as a Ramon y Cajal researcher. Dr. Zumalac\u00e1rregui is working mainly on gravity, cosmology, gravitational waves, dark matter.<\/p><\/li><\/ul>\t\t\t\t\t\t\t\t<\/div>\n\t\t\t\t\t<\/div>\n\t\t\t\t<\/div>\n\t\t\t\t<\/div>\n\t\t","protected":false},"excerpt":{"rendered":"<p>Miguel Zumalac\u00e1rregui joins the IFT cosmology group We are happy to announce that Dr. Miguel Zumalac\u00e1rregui joined on September 1st, 2026 the IFT cosmology group as a Ramon y Cajal researcher. Dr. Zumalac\u00e1rregui is working mainly on gravity, cosmology, gravitational waves, dark matter.<\/p>\n","protected":false},"author":2,"featured_media":0,"parent":0,"menu_order":0,"comment_status":"closed","ping_status":"closed","template":"","meta":{"footnotes":""},"class_list":["post-42","page","type-page","status-publish","hentry"],"_links":{"self":[{"href":"https:\/\/projects.ift.uam-csic.es\/cosmo\/wp-json\/wp\/v2\/pages\/42","targetHints":{"allow":["GET"]}}],"collection":[{"href":"https:\/\/projects.ift.uam-csic.es\/cosmo\/wp-json\/wp\/v2\/pages"}],"about":[{"href":"https:\/\/projects.ift.uam-csic.es\/cosmo\/wp-json\/wp\/v2\/types\/page"}],"author":[{"embeddable":true,"href":"https:\/\/projects.ift.uam-csic.es\/cosmo\/wp-json\/wp\/v2\/users\/2"}],"replies":[{"embeddable":true,"href":"https:\/\/projects.ift.uam-csic.es\/cosmo\/wp-json\/wp\/v2\/comments?post=42"}],"version-history":[{"count":10,"href":"https:\/\/projects.ift.uam-csic.es\/cosmo\/wp-json\/wp\/v2\/pages\/42\/revisions"}],"predecessor-version":[{"id":320,"href":"https:\/\/projects.ift.uam-csic.es\/cosmo\/wp-json\/wp\/v2\/pages\/42\/revisions\/320"}],"wp:attachment":[{"href":"https:\/\/projects.ift.uam-csic.es\/cosmo\/wp-json\/wp\/v2\/media?parent=42"}],"curies":[{"name":"wp","href":"https:\/\/api.w.org\/{rel}","templated":true}]}}

<div data-elementor-type="wp-page" data-elementor-id="42" class="elementor elementor-42">
				<div class="elementor-element elementor-element-65d38c4 e-flex e-con-boxed e-con e-parent" data-id="65d38c4" data-element_type="container">
					<div class="e-con-inner">
				<div class="elementor-element elementor-element-465d64e elementor-widget elementor-widget-text-editor" data-id="465d64e" data-element_type="widget" data-widget_type="text-editor.default">
									<ul><li><h3>Miguel Zumalacárregui joins the IFT cosmology group</h3><p>We are happy to announce that <a href="https://www.ift.uam-csic.es/en/person/?uid=732">Dr. Miguel Zumalacárregui</a> joined on September 1st, 2026 the IFT cosmology group as a Ramon y Cajal researcher. Dr. Zumalacárregui is working mainly on gravity, cosmology, gravitational waves, dark matter.</p></li></ul>								</div>
					</div>
				</div>
				</div>

<p>Miguel Zumalacárregui joins the IFT cosmology group We are happy to announce that Dr. Miguel Zumalacárregui joined on September 1st, 2026 the IFT cosmology group as a Ramon y Cajal researcher. Dr. Zumalacárregui is working mainly on gravity, cosmology, gravitational waves, dark matter.</p>
