{"id":311,"date":"2025-10-16T09:15:29","date_gmt":"2025-10-16T09:15:29","guid":{"rendered":"https:\/\/projects.ift.uam-csic.es\/NOVA+\/?page_id=311"},"modified":"2026-05-11T19:20:32","modified_gmt":"2026-05-11T19:20:32","slug":"momentum","status":"publish","type":"page","link":"https:\/\/projects.ift.uam-csic.es\/NOVA+\/momentum\/","title":{"rendered":"Momentum"},"content":{"rendered":"<p>[et_pb_section fb_built=\u00bb1&#8243; fullwidth=\u00bbon\u00bb _builder_version=\u00bb4.27.4&#8243; _module_preset=\u00bbdefault\u00bb custom_margin=\u00bb0px||||false|false\u00bb locked=\u00bboff\u00bb global_colors_info=\u00bb{}\u00bb][et_pb_fullwidth_slider show_arrows=\u00bboff\u00bb show_pagination=\u00bboff\u00bb _builder_version=\u00bb4.27.4&#8243; _module_preset=\u00bbdefault\u00bb height=\u00bb500px\u00bb max_height=\u00bb500px\u00bb animation_style=\u00bbfade\u00bb animation_delay=\u00bb1000ms\u00bb auto=\u00bbon\u00bb auto_speed=\u00bb5000&#8243; auto_ignore_hover=\u00bbon\u00bb global_colors_info=\u00bb{}\u00bb][et_pb_slide _builder_version=\u00bb4.27.4&#8243; _module_preset=\u00bbdefault\u00bb background_image=\u00bbhttps:\/\/projects.ift.uam-csic.es\/NOVA+\/wp-content\/uploads\/2025\/10\/banner-nova-9.jpg\u00bb background_enable_image=\u00bbon\u00bb global_colors_info=\u00bb{}\u00bb sticky_transition=\u00bbon\u00bb][\/et_pb_slide][et_pb_slide _builder_version=\u00bb4.27.4&#8243; _module_preset=\u00bbdefault\u00bb background_image=\u00bbhttps:\/\/projects.ift.uam-csic.es\/NOVA+\/wp-content\/uploads\/2025\/10\/banner-nova-8.jpg\u00bb background_enable_image=\u00bbon\u00bb global_colors_info=\u00bb{}\u00bb sticky_transition=\u00bbon\u00bb][\/et_pb_slide][\/et_pb_fullwidth_slider][\/et_pb_section][et_pb_section fb_built=\u00bb1&#8243; _builder_version=\u00bb4.27.4&#8243; _module_preset=\u00bbdefault\u00bb global_colors_info=\u00bb{}\u00bb][et_pb_row _builder_version=\u00bb4.27.4&#8243; _module_preset=\u00bbdefault\u00bb global_colors_info=\u00bb{}\u00bb][et_pb_column type=\u00bb4_4&#8243; _builder_version=\u00bb4.27.4&#8243; _module_preset=\u00bbdefault\u00bb global_colors_info=\u00bb{}\u00bb][et_pb_text _builder_version=\u00bb4.27.4&#8243; _module_preset=\u00bbdefault\u00bb global_colors_info=\u00bb{}\u00bb]<\/p>\n<h1 style=\"font-family: 'Montserrat',Helvetica,Arial,Lucida,sans-serif; font-weight: bold; font-size: 50px; color: rgba(150,69,232,0.7) !important; line-height: 1.2em;\">El impulso que necesitas para crecer en la F\u00edsica Te\u00f3rica<\/h1>\n<p>[\/et_pb_text][et_pb_text _builder_version=\u00bb4.27.4&#8243; _module_preset=\u00bbdefault\u00bb global_colors_info=\u00bb{}\u00bb]<\/p>\n<p style=\"font-family: 'Montserrat',Helvetica,Arial,Lucida,sans-serif; line-height: 1.4em; font-size: 100%; color: #000; font-weight: 500;\">En NOVA+ te ofrecemos un acompa\u00f1amiento \u00fanico: mentor\u00eda personalizada, comunidad activa y oportunidades reales para que tu talento crezca y tu futuro cient\u00edfico despegue.<\/p>\n<p style=\"font-family: 'Montserrat',Helvetica,Arial,Lucida,sans-serif; line-height: 1.4em; font-size: 100%; color: #000; font-weight: 500;\"><span style=\"color: #8300e9;\"><b>Mentor\u00eda personalizada<\/b><\/span><\/p>\n<p style=\"font-family: 'Montserrat',Helvetica,Arial,Lucida,sans-serif; line-height: 1.4em; font-size: 100%; color: #000; font-weight: 500;\">Un\/a mentor de referencia que te guiar\u00e1 en 6 sesiones al a\u00f1o (1 cada dos meses) m\u00ednimo, si el <em>par<\/em> (mentor\/a+mentorada\/o) deciden tener m\u00e1s sesiones, tambi\u00e9n es bienvenido. Entre cada encuentro trabajar\u00e1s de forma aut\u00f3noma para avanzar en tus objetivos.<br \/>Importante: Para mantenerte en el programa, basta con realizar al menos a <b>5 de las 6 sesiones<\/b>.<\/p>\n<p style=\"font-family: 'Montserrat',Helvetica,Arial,Lucida,sans-serif; line-height: 1.4em; font-size: 100%; color: #000; font-weight: 500;\"><span style=\"color: #8300e9;\"><b>Comunidad y networking<\/b><\/span><\/p>\n<p style=\"font-family: 'Montserrat',Helvetica,Arial,Lucida,sans-serif; line-height: 1.4em; font-size: 100%; color: #000; font-weight: 500;\">Conecta con otros estudiantes, investigadores y egresados en encuentros, actividades y grupos de apoyo que refuerzan el sentido de pertenencia. En este punto, la presencialidad es importante.\u00a0<\/p>\n<p style=\"font-family: 'Montserrat',Helvetica,Arial,Lucida,sans-serif; line-height: 1.4em; font-size: 100%; color: #000; font-weight: 500;\"><span style=\"color: #8300e9;\"><b>Impulso y motivaci\u00f3n<\/b><\/span><\/p>\n<p style=\"font-family: 'Montserrat',Helvetica,Arial,Lucida,sans-serif; line-height: 1.4em; font-size: 100%; color: #000; font-weight: 500;\">Reconocemos tu talento con el <b>Premio al mejor expediente tras el programa<\/b>\u00a0y te abrimos las puertas a <b>proyectos, congresos y actividades cient\u00edficas<\/b> que potencian tu trayectoria.<\/p>\n<p style=\"font-family: 'Montserrat',Helvetica,Arial,Lucida,sans-serif; line-height: 1.4em; font-size: 100%; color: #000; font-weight: 500;\"><span style=\"color: #8300e9;\"><strong>Recursos y oportunidades<\/strong><\/span><\/p>\n<p style=\"font-family: 'Montserrat',Helvetica,Arial,Lucida,sans-serif; line-height: 1.4em; font-size: 100%; color: #000; font-weight: 500;\">Accede a <b>informaci\u00f3n pr\u00e1ctica sobre becas, procesos, charlas, talleres y proyectos<\/b>, adem\u00e1s de recursos acad\u00e9micos que impulsar\u00e1n tu desarrollo.<\/p>\n<p style=\"font-family: 'Montserrat',Helvetica,Arial,Lucida,sans-serif; line-height: 1.4em; font-size: 100%; color: #000; font-weight: 500;\"><span style=\"color: #8300e9;\"><b>Certificaci\u00f3n del programa<\/b><\/span><\/p>\n<p style=\"font-family: 'Montserrat',Helvetica,Arial,Lucida,sans-serif; line-height: 1.4em; font-size: 100%; color: #000; font-weight: 500;\">Al finalizar, recibir\u00e1s un <b>certificado oficial de participaci\u00f3n en NOVA+<\/b>, que acreditar\u00e1 tu paso por el programa y tu aprovechamiento de la mentor\u00eda.<\/p>\n<p style=\"font-family: 'Montserrat',Helvetica,Arial,Lucida,sans-serif; line-height: 1.4em; font-size: 100%; color: #000; font-weight: 500;\"><b>M\u00e1s que un programa, NOVA+ es una red de inspiraci\u00f3n, apoyo y oportunidades que abre caminos y rompe barreras en la f\u00edsica te\u00f3rica<\/b>.<\/p>\n<p style=\"font-family: 'Montserrat',Helvetica,Arial,Lucida,sans-serif; line-height: 1.4em; font-size: 100%; color: #000; font-weight: 500;\"><span style=\"color: #8300e9;\"><b>\u00bfQuieres impulsar tu carrera cient\u00edfica o descubrir si la investigaci\u00f3n es tu futuro?<\/b><\/span><\/p>\n<p style=\"font-family: 'Montserrat',Helvetica,Arial,Lucida,sans-serif; line-height: 1.4em; font-size: 100%; color: #000; font-weight: 500;\">\u00danete a NOVA+ y construye tu camino junto a un\/a mentor\/a, con apoyo, comunidad y oportunidades que transformar\u00e1n tu futuro.<\/p>\n<p style=\"font-family: 'Montserrat',Helvetica,Arial,Lucida,sans-serif; line-height: 1.4em; font-size: 100%; color: #000; font-weight: 500;\">\n<p data-start=\"0\" data-end=\"39\"><span style=\"color: #8300e9;\"><strong data-start=\"0\" data-end=\"39\">Importante para mentees: requisitos<\/strong><\/span><\/p>\n<p data-start=\"41\" data-end=\"458\">Para poder ser seleccionada, seleccionado o seleccionade, necesitamos conocerte. Es importante que rellenes el formulario de mentee disponible en el bot\u00f3n <strong data-start=\"205\" data-end=\"221\">\u201cFormulario\u201d<\/strong> y que prepares tu mejor <strong data-start=\"246\" data-end=\"252\">CV<\/strong>, <strong data-start=\"254\" data-end=\"277\">carta de motivaci\u00f3n<\/strong> y <strong data-start=\"280\" data-end=\"304\">expediente acad\u00e9mico<\/strong> <em data-start=\"305\" data-end=\"457\">(este documento se utilizar\u00e1 \u00fanicamente para conocer mejor tu trayectoria como estudiante; la nota media no ser\u00e1 un requisito decisivo para el acceso)<\/em>. Una vez tengas toda la documentaci\u00f3n, env\u00edala al correo de NOVA: <strong data-start=\"525\" data-end=\"553\"><a data-start=\"527\" data-end=\"551\" class=\"decorated-link cursor-pointer\" rel=\"noopener\">nova.mentorado@gmail.com\u00a0<br \/><span style=\"color: #000000;\">Tu solicitud se valorar\u00e1 cuando tengamos toda la informaci\u00f3n.\u00a0<\/span><\/a><\/strong><\/p>\n<p data-start=\"41\" data-end=\"458\"><strong data-start=\"525\" data-end=\"553\"><a data-start=\"527\" data-end=\"551\" class=\"decorated-link cursor-pointer\" rel=\"noopener\"><span style=\"color: #000000;\"><br \/><span style=\"color: #8300e9;\">Deber\u00e1s tener matr\u00edcula en grado o m\u00e1ster en alguna disciplina de la F\u00edsica durante el curso 2026\/2027<\/p>\n<p>Se valorar\u00e1 positivamente la disponibilidad de participar en actividades presenciales en el IFT y en el DFT<br \/><\/span><\/span><\/a><\/strong><\/p>\n<p style=\"font-family: 'Montserrat',Helvetica,Arial,Lucida,sans-serif; line-height: 1.4em; font-size: 100%; color: #000; font-weight: 500;\">\n<p>[\/et_pb_text][\/et_pb_column][\/et_pb_row][et_pb_row column_structure=\u00bb1_2,1_2&#8243; _builder_version=\u00bb4.27.4&#8243; _module_preset=\u00bbdefault\u00bb global_colors_info=\u00bb{}\u00bb][et_pb_column type=\u00bb1_2&#8243; _builder_version=\u00bb4.27.4&#8243; _module_preset=\u00bbdefault\u00bb global_colors_info=\u00bb{}\u00bb][et_pb_text _builder_version=\u00bb4.27.4&#8243; _module_preset=\u00bbdefault\u00bb global_colors_info=\u00bb{}\u00bb]<\/p>\n<p style=\"font-family: 'Montserrat',Helvetica,Arial,Lucida,sans-serif; line-height: 1.4em; font-size: 100%; color: #000; font-weight: 500;\"><b>\u00bfQuieres ampliar tus conocimientos? Ap\u00fantate ya<\/b><\/p>\n<p>[\/et_pb_text][et_pb_button button_url=\u00bbhttps:\/\/forms.gle\/pLG6oxgK1GAjJ3h27&#8243; url_new_window=\u00bbon\u00bb button_text=\u00bbFormulario\u00bb _builder_version=\u00bb4.27.4&#8243; _module_preset=\u00bbdefault\u00bb locked=\u00bboff\u00bb global_colors_info=\u00bb{}\u00bb][\/et_pb_button][\/et_pb_column][et_pb_column type=\u00bb1_2&#8243; _builder_version=\u00bb4.27.4&#8243; _module_preset=\u00bbdefault\u00bb global_colors_info=\u00bb{}\u00bb][et_pb_text _builder_version=\u00bb4.27.4&#8243; _module_preset=\u00bbdefault\u00bb global_colors_info=\u00bb{}\u00bb]<\/p>\n<p style=\"font-family: 'Montserrat',Helvetica,Arial,Lucida,sans-serif; line-height: 1.4em; font-size: 100%; color: #000; font-weight: 500;\"><b>\u00bfTe gustar\u00eda guiar a futuras generaciones? Este es tu sitio<\/b><\/p>\n<p>[\/et_pb_text][et_pb_button button_url=\u00bbhttps:\/\/forms.gle\/tKMFWvdFzFxRDwHs9&#8243; url_new_window=\u00bbon\u00bb button_text=\u00bbFormulario\u00bb _builder_version=\u00bb4.27.4&#8243; _module_preset=\u00bbdefault\u00bb locked=\u00bboff\u00bb global_colors_info=\u00bb{}\u00bb][\/et_pb_button][\/et_pb_column][\/et_pb_row][et_pb_row _builder_version=\u00bb4.27.4&#8243; _module_preset=\u00bbdefault\u00bb][et_pb_column _builder_version=\u00bb4.27.4&#8243; _module_preset=\u00bbdefault\u00bb type=\u00bb4_4&#8243;][et_pb_image src=\u00bbhttps:\/\/projects.ift.uam-csic.es\/NOVA+\/wp-content\/uploads\/2026\/05\/NOVA-CARTELES-2-scaled.png\u00bb _builder_version=\u00bb4.27.4&#8243; _module_preset=\u00bbdefault\u00bb title_text=\u00bbNOVA+ CARTELES\u00bb hover_enabled=\u00bb0&#8243; sticky_enabled=\u00bb0&#8243;][\/et_pb_image][\/et_pb_column][\/et_pb_row][\/et_pb_section]<\/p>\n","protected":false},"excerpt":{"rendered":"<p>El impulso que necesitas para crecer en la F\u00edsica Te\u00f3ricaEn NOVA+ te ofrecemos un acompa\u00f1amiento \u00fanico: mentor\u00eda personalizada, comunidad activa y oportunidades reales para que tu talento crezca y tu futuro cient\u00edfico despegue. Mentor\u00eda personalizada Un\/a mentor de referencia que te guiar\u00e1 en 6 sesiones al a\u00f1o (1 cada dos meses) m\u00ednimo, si el par [&hellip;]<\/p>\n","protected":false},"author":4,"featured_media":0,"parent":0,"menu_order":0,"comment_status":"closed","ping_status":"closed","template":"","meta":{"_et_pb_use_builder":"on","_et_pb_old_content":"","_et_gb_content_width":"","footnotes":""},"class_list":["post-311","page","type-page","status-publish","hentry"],"_links":{"self":[{"href":"https:\/\/projects.ift.uam-csic.es\/NOVA+\/wp-json\/wp\/v2\/pages\/311","targetHints":{"allow":["GET"]}}],"collection":[{"href":"https:\/\/projects.ift.uam-csic.es\/NOVA+\/wp-json\/wp\/v2\/pages"}],"about":[{"href":"https:\/\/projects.ift.uam-csic.es\/NOVA+\/wp-json\/wp\/v2\/types\/page"}],"author":[{"embeddable":true,"href":"https:\/\/projects.ift.uam-csic.es\/NOVA+\/wp-json\/wp\/v2\/users\/4"}],"replies":[{"embeddable":true,"href":"https:\/\/projects.ift.uam-csic.es\/NOVA+\/wp-json\/wp\/v2\/comments?post=311"}],"version-history":[{"count":21,"href":"https:\/\/projects.ift.uam-csic.es\/NOVA+\/wp-json\/wp\/v2\/pages\/311\/revisions"}],"predecessor-version":[{"id":925,"href":"https:\/\/projects.ift.uam-csic.es\/NOVA+\/wp-json\/wp\/v2\/pages\/311\/revisions\/925"}],"wp:attachment":[{"href":"https:\/\/projects.ift.uam-csic.es\/NOVA+\/wp-json\/wp\/v2\/media?parent=311"}],"curies":[{"name":"wp","href":"https:\/\/api.w.org\/{rel}","templated":true}]}}